299?
13
Let c be (15/(-9))/(2/12). Let t = 7 - c. Let k be -2*153/(-4)*2. Calculate the highest common factor of t and k.
17
Let t(k) = -k**2 - 4*k + 11. Let u be t(-5). Suppose -z - 5 = 0, 5*p + 5*z = -47 - 3. Let a = u + p. Calculate the highest common divisor of 5 and a.
1
Let a(u) = 3*u. Let z be a(1). Suppose -x + 0 = -s - 10, 5*x + z*s - 18 = 0. What is the greatest common divisor of x and 9?
3
Let m be ((-2)/7)/((-5)/70). Let j be 1 - (m + (3 - 11)). What is the highest common factor of j and 35?
5
Let k(t) = t**3 + 8*t**2 + 11*t + 13. Let v be (2 + -4)*(1 + 2). Let s be k(v). Calculate the highest common factor of s and 114.
19
Let n(d) = 17*d + 58. Let c be n(0). What is the highest common factor of 1682 and c?
58
Let o(s) = 2*s**3 + 16*s**2 + 3*s - 9. Let t be o(-6). What is the greatest common divisor of t and 312?
39
Suppose -5*h = -2*z - 157, -173 = -3*h - 2*h - 2*z. Suppose -99 = -4*y + h. What is the greatest common factor of y and 66?
33
Let u be 1*(3 - 2) + 1. Let o(x) be the first derivative of x**4/4 + x**3 - 2*x**2 + 4*x - 7. Let s be o(u). Calculate the highest common divisor of s and 176.
16
Let x = -33 + 22. Let s = -9 - x. Let w be 10980/162 - s/(-9). What is the highest common divisor of w and 102?
34
Let m = 24 + -71. Let d = m + 124. What is the greatest common factor of d and 33?
11
Let d be -1 - -43*(-3 - (-2 - 2)). Calculate the greatest common divisor of 28 and d.
14
Let i = 307 - 298. What is the greatest common divisor of 504 and i?
9
Let d(a) = 2*a**2 + 4*a - 8. Let v be d(-3). Let k be v/(-4) - (-2 - 65/10). What is the highest common divisor of 1 and k?
1
Let b be (-2)/5 - (-6)/15. Suppose -4*m - 16 = -b. Let r = m + 16. What is the highest common factor of 12 and r?
12
Let v be 138/(-8)*80/(-30). Suppose 690 = -71*q + 74*q. What is the highest common divisor of q and v?
46
Let s = -22 + 58. Suppose 4*q - 12 = -4. Suppose q*n + n = 162. What is the greatest common divisor of n and s?
18
Suppose -2 = -2*d, -13 + 5 = -r - 5*d. Suppose -3*x + 3 + 0 = r*f, -x = -5*f + 11. What is the greatest common divisor of f and 3?
1
Let i(n) = 2*n**2 + 7*n - 10. Let p be i(-7). Suppose 9*q = -778 + 1012. What is the highest common divisor of p and q?
13
Let h = 55 - 15. Let d = -274 + 282. What is the highest common divisor of h and d?
8
Let d = 40 + -32. Let a(o) = o**2 - 7*o - 5. Let f be a(d). What is the highest common divisor of f and 6?
3
Let o = 63 - 62. Let x be (-1630)/(-25) - o/5. Suppose -n - 3 = 0, 0*n + n - 23 = -2*d. Calculate the greatest common divisor of d and x.
13
Let j(y) = 37*y**3 - y**2 - y + 1. Let s be j(1). Calculate the greatest common factor of 48 and s.
12
Let b be ((-5)/((-50)/(-28)))/(24/(-60)). What is the highest common divisor of 49 and b?
7
Let z = -178 + 352. Calculate the highest common factor of 58 and z.
58
Let q = 83 + -50. Let r = q - 5. Let t be 7/4*r/1. Calculate the highest common factor of 7 and t.
7
Suppose -2*a + 49 = -17. Calculate the greatest common divisor of 110 and a.
11
Let f(z) = 4*z**2 + 9*z + 19. Let s be f(-3). What is the greatest common factor of s and 42?
14
Suppose -8*y + 3*y = 120. Let k = y + 24. Let m be 2 - -12 - (0 + k). Calculate the greatest common divisor of m and 35.
7
Suppose 3*p + 0*p = 3*g - 3, 2*p - 22 = -4*g. Suppose -q - 2*o + 18 = 0, 0 = 2*q - 6*q - p*o + 47. Calculate the greatest common divisor of 40 and q.
8
Let i(j) = -2*j**3 - 31*j**2 - 17*j + 3. Let q be i(-16). Suppose -283 = -2*l + q. Calculate the greatest common factor of 37 and l.
37
Suppose -147*r = -145*r + 184. Let f = -73 - r. Let d(p) = 19*p**2 - p + 2. Let t be d(2). What is the greatest common divisor of t and f?
19
Let y be (4 - 1) + 6/2 + 1. Suppose 0 = -10*r - y + 37. What is the highest common factor of 15 and r?
3
Let v(l) = -l**3 + 5*l**2 + 4*l - 3. Let i be v(6). Let r be (i - 0)*(8 + -9). Suppose 4*p - 238 = 422. What is the greatest common divisor of r and p?
15
Let m = 758 + -720. Calculate the greatest common divisor of 14 and m.
2
Let a = 39 - 17. Suppose 2*g + m = a - 1, -3*g + m = -24. Calculate the greatest common factor of g and 45.
9
Let y = 116 - 95. Calculate the highest common factor of y and 9.
3
Suppose -72*k - 5265 = -81*k. Calculate the greatest common factor of k and 117.
117
Suppose 4*f - 833 = -3*j + 807, -2*f = -2*j + 1070. What is the greatest common factor of j and 60?
60
Let u(a) = -5*a + 6. Let h be u(-3). Let l = 34 + h. What is the highest common factor of l and 5?
5
Let h be 8/(-12) - 1014/(-9). Let l = h + -60. What is the highest common factor of 78 and l?
26
Suppose -4*k + 26 + 130 = 0. What is the highest common factor of k and 507?
39
Let t = 4 - 5. Let x be (7 - 3)/(t/(-4)). Let i be 26/4 - x/32. What is the greatest common divisor of 6 and i?
6
Let q = -677 + 1081. Calculate the highest common divisor of q and 4.
4
Let t(m) = -18 + m**2 + 0*m**2 + 117 + 20. Let s be t(0). Suppose -5*r = -s - 506. Calculate the highest common factor of r and 25.
25
Suppose -7*h - 1175 = 3*x - 2*h, 4*h - 1139 = 3*x. Let u = -165 - x. Calculate the highest common factor of 20 and u.
20
Let i = -19 + 53. Let k = 252 - 116. What is the highest common factor of i and k?
34
Let m = -10 - -16. Let r be 6/4*(-8)/(-3). Suppose -r*t + 26 = -94. What is the highest common divisor of t and m?
6
Suppose 4*g + 5*b - 483 = 379, -g = 4*b - 221. What is the greatest common factor of 568 and g?
71
Suppose -2*f + 4 = 3*r, f - 5*r - 5 = 2*f. Suppose 0 = -f*l + 142 + 83. What is the highest common divisor of 36 and l?
9
Let g = -23 - -26. Suppose 232 = g*q - 5*s, 0 = 3*q + 2*s - 262 + 2. What is the greatest common factor of q and 12?
12
Suppose 2*l - 70 = -3*l - b, -b - 5 = 0. Suppose -4*p + q + 24 + 1 = 0, -35 = -5*p + 2*q. Calculate the greatest common divisor of l and p.
5
Let w = -158 + 174. What is the greatest common factor of 80 and w?
16
Suppose -47 = -3*a - j + 86, -3*a + 3*j = -129. Suppose -5*p = -p - 16. Let c be 22*2/p*1. What is the highest common divisor of c and a?
11
Suppose -11*a + 4935 = 150. Calculate the greatest common divisor of 10 and a.
5
Suppose 0 = 14*f - 0*f - 2002. What is the highest common divisor of 11 and f?
11
Let z be (-5)/(-2)*8/(-5). Let t be 25 - (z + 5)/1. What is the greatest common factor of 12 and t?
12
Let z = 51 - 39. Suppose 0 = -14*r + 9*r + 780. Calculate the greatest common factor of z and r.
12
Let x = -3 - -7. Let a be (-1)/(4/8) + x. Suppose -3*z = 4*q - 30 - 9, a*z - 54 = -5*q. Calculate the greatest common divisor of q and 24.
12
Suppose 2*x = -2*i + 396, -x - 2*x = i - 198. Suppose 5*g - i + 58 = 0. Let v be 11 - ((-144)/6 + -7). What is the greatest common factor of v and g?
14
Let v = -458 + 464. What is the greatest common factor of v and 402?
6
Let w(l) = 3*l + 7 - 2*l + 5 - 5. Let i be w(-4). Suppose -34 = -i*r + 2*a, 2*r - r + 5*a = 0. Calculate the highest common divisor of 110 and r.
10
Let s = 90 - 73. Let c = -4 + s. Suppose 0 = 5*m - 2*m - 3*l - 24, -4*l = -20. What is the highest common factor of c and m?
13
Let w be (0 + -261)*(949/(-39) + 24). What is the greatest common divisor of w and 406?
29
Let r = 70 + -44. Let n(a) = 20*a - 707. Let d be n(36). Calculate the greatest common factor of d and r.
13
Let o = 1357 + -840. Let q be 2076/44 - 2/11. Calculate the highest common divisor of q and o.
47
Suppose -z = 3*r - 32, 4*z - 1 = -2*r + 17. Suppose 5*j - 83 = 302. What is the highest common divisor of j and r?
11
Let g be (-5 + 1)/((-10)/2125). What is the greatest common divisor of g and 100?
50
Let n(m) = 2*m**2 + 3*m - 33. Let x be n(-8). Let k = x + 19. Calculate the highest common factor of 36 and k.
18
Suppose -5*h + 15 = -8*t + 3*t, -3*t - 4*h = -26. Let m be 20/11 - 30/(-165). Suppose -v - t = -m*v. What is the greatest common factor of 8 and v?
2
Let s be 64/20*(-1 + 6). Let a = -10 + s. Suppose 17*v - 298 = 8. What is the greatest common divisor of v and a?
6
Let x = 2298 + -1616. What is the greatest common factor of 62 and x?
62
Let s(n) = -26*n**3 + n**2 + 10*n - 1. Let m be s(-3). Calculate the highest common factor of 40 and m.
40
Suppose -5*k + 30 = -7*u + 2*u, 2*u = -4. Suppose -5*a + a = -4*o, k*a = -5*o + 27. Suppose -49 = 2*x - o*x. Calculate the highest common divisor of x and 7.
7
L